{"id":24,"date":"2013-07-20T13:40:57","date_gmt":"2013-07-20T13:40:57","guid":{"rendered":"http:\/\/foodamentalisten.de\/web\/?page_id=24"},"modified":"2019-10-10T16:04:15","modified_gmt":"2019-10-10T16:04:15","slug":"impressum","status":"publish","type":"page","link":"https:\/\/foodamentalisten.de\/web\/kontakt\/impressum\/","title":{"rendered":"Impressum"},"content":{"rendered":"<p>foodamentalist GmbH<br \/>\nBerliner Str.3a<br \/>\n13127 Berlin, Deutschland<\/p>\n<p>Gesch\u00e4ftsf\u00fchrer: Ralf Kubatz und Kay Bathke<br \/>\nmail : <a title=\"office@foodamentalist.com\" href=\"mailto:office@foodamentalist.com\">office@foodamentalist.com<\/a><\/p>\n<p>HRB 145066 B<br \/>\nSteuernummer: 29\/289\/31113<br \/>\nFinanzamt f\u00fcr K\u00f6rperschaften III<\/p>\n<p>Rechtliche Hinweise:<br \/>\nAlle in unseren Internetseiten enthaltenen Angaben und Informationen wurden von foodamentalist sorgf\u00e4ltig recherchiert und gepr\u00fcft. F\u00fcr Richtigkeit, Vollst\u00e4ndigkeit und Aktualit\u00e4t k\u00f6nnen weder foodamentalist noch Dritte die Haftung \u00fcbernehmen. Alle Informationen dienen ausschlie\u00dflich zur Information der Besucher der Website. Im \u00dcbrigen ist die Haftung auf Vorsatz und grobe Fahrl\u00e4ssigkeit beschr\u00e4nkt.<\/p>\n<p>F\u00fcr Internetseiten Dritter, welche auf foodamentalist durch Hyperlink verweisen, tragen die jeweiligen Anbieter die Verantwortung. foodamentalist ist f\u00fcr den Inhalt solcher Seiten Dritter nicht verantwortlich. Des Weiteren kann die Web-Seite von foodamentalist ohne deren Wissen von einer anderen Seite mittels Hyperlink angelinkt worden sein. foodamentalist \u00fcbernimmt keine Verantwortung f\u00fcr Darstellung, Inhalt oder irgendeine Verbindung zu foodamentalist in Web-Seiten Dritter.<\/p>\n<p>Au\u00dferdem beh\u00e4lt sich foodamentalist das Recht vor, \u00c4nderungen oder Erg\u00e4nzungen der bereitgestellten Informationen vorzunehmen.<br \/>\nInhalt und Struktur der Web-Seiten foodamentalist sind urheberrechtlich gesch\u00fctzt. Die Vervielf\u00e4ltigung von Inhalten oder Daten, insbesondere die Verwendung von Texten, Textteilen oder Bildmaterial ist nur mit Quellenhinweis gestattet.<\/p>\n<p>foodamentalist \u00fcbernimmt keine Haftung oder Garantie f\u00fcr die Aktualit\u00e4t, Richtigkeit und Vollst\u00e4ndigkeit f\u00fcr alle Verbindungen zu anderen Web-Sites (\u201cexterne Links\u201d), auf die diese Web-Site direkt und indirekt verweist. foodamentalist ist f\u00fcr den Inhalt einer Site, die mit einem solchen externen Link erreicht wird, nicht verantwortlich.<\/p>\n","protected":false},"excerpt":{"rendered":"<p>foodamentalist GmbH Berliner Str.3a 13127 Berlin, Deutschland Gesch\u00e4ftsf\u00fchrer: Ralf Kubatz und Kay Bathke mail : office@foodamentalist.com HRB 145066 B Steuernummer: 29\/289\/31113 Finanzamt [&hellip;]<\/p>\n","protected":false},"author":1,"featured_media":0,"parent":56,"menu_order":1,"comment_status":"closed","ping_status":"closed","template":"page-templates\/page_fullwidth.php","meta":{"footnotes":""},"class_list":["post-24","page","type-page","status-publish","hentry"],"_links":{"self":[{"href":"https:\/\/foodamentalisten.de\/web\/wp-json\/wp\/v2\/pages\/24","targetHints":{"allow":["GET"]}}],"collection":[{"href":"https:\/\/foodamentalisten.de\/web\/wp-json\/wp\/v2\/pages"}],"about":[{"href":"https:\/\/foodamentalisten.de\/web\/wp-json\/wp\/v2\/types\/page"}],"author":[{"embeddable":true,"href":"https:\/\/foodamentalisten.de\/web\/wp-json\/wp\/v2\/users\/1"}],"replies":[{"embeddable":true,"href":"https:\/\/foodamentalisten.de\/web\/wp-json\/wp\/v2\/comments?post=24"}],"version-history":[{"count":16,"href":"https:\/\/foodamentalisten.de\/web\/wp-json\/wp\/v2\/pages\/24\/revisions"}],"predecessor-version":[{"id":1751,"href":"https:\/\/foodamentalisten.de\/web\/wp-json\/wp\/v2\/pages\/24\/revisions\/1751"}],"up":[{"embeddable":true,"href":"https:\/\/foodamentalisten.de\/web\/wp-json\/wp\/v2\/pages\/56"}],"wp:attachment":[{"href":"https:\/\/foodamentalisten.de\/web\/wp-json\/wp\/v2\/media?parent=24"}],"curies":[{"name":"wp","href":"https:\/\/api.w.org\/{rel}","templated":true}]}}